 the thousands digit of 9144498?
4
What is the thousands digit of 17244894?
4
What is the tens digit of 30679522?
2
What is the hundred thousands digit of 363971?
3
What is the tens digit of 18683409?
0
What is the tens digit of 2467165?
6
What is the hundreds digit of 4399382?
3
What is the tens digit of 273992?
9
What is the thousands digit of 7166196?
6
What is the units digit of 89352?
2
What is the hundred thousands digit of 9077305?
0
What is the tens digit of 22204?
0
What is the hundred thousands digit of 2863615?
8
What is the tens digit of 505775?
7
What is the thousands digit of 554767?
4
What is the millions digit of 1337265?
1
What is the thousands digit of 1579082?
9
What is the hundred thousands digit of 638259?
6
What is the hundred thousands digit of 3816652?
8
What is the tens digit of 1159590?
9
What is the ten thousands digit of 913467?
1
What is the tens digit of 3901499?
9
What is the hundred thousands digit of 2538361?
5
What is the hundred thousands digit of 278060?
2
What is the hundreds digit of 124858?
8
What is the tens digit of 84349?
4
What is the tens digit of 223821?
2
What is the hundreds digit of 8894743?
7
What is the units digit of 623391?
1
What is the ten thousands digit of 413751?
1
What is the ten thousands digit of 655920?
5
What is the hundred thousands digit of 2209084?
2
What is the hundred thousands digit of 3453227?
4
What is the tens digit of 2524912?
1
What is the ten millions digit of 11377790?
1
What is the thousands digit of 3438012?
8
What is the tens digit of 168771?
7
What is the hundred thousands digit of 4598103?
5
What is the thousands digit of 31463705?
3
What is the units digit of 59036?
6
What is the hundreds digit of 2453593?
5
What is the thousands digit of 1158965?
8
What is the hundreds digit of 2842929?
9
What is the ten millions digit of 12464578?
1
What is the thousands digit of 909411?
9
What is the ten thousands digit of 934721?
3
What is the units digit of 563059?
9
What is the thousands digit of 650640?
0
What is the thousands digit of 1159949?
9
What is the millions digit of 14499023?
4
What is the thousands digit of 3931167?
1
What is the units digit of 5241?
1
What is the units digit of 1849384?
4
What is the hundreds digit of 12418626?
6
What is the hundred thousands digit of 551627?
5
What is the hundreds digit of 1198612?
6
What is the hundred thousands digit of 7337855?
3
What is the ten thousands digit of 14734751?
3
What is the thousands digit of 632702?
2
What is the tens digit of 6837615?
1
What is the hundreds digit of 1395732?
7
What is the hundreds digit of 6942736?
7
What is the thousands digit of 2043285?
3
What is the ten thousands digit of 160420?
6
What is the tens digit of 2415517?
1
What is the units digit of 11393853?
3
What is the tens digit of 856267?
6
What is the thousands digit of 8345446?
5
What is the units digit of 479394?
4
What is the thousands digit of 17802798?
2
What is the hundred thousands digit of 2878461?
8
What is the units digit of 178745?
5
What is the ten thousands digit of 4748221?
4
What is the millions digit of 3575805?
3
What is the ten thousands digit of 820145?
2
What is the millions digit of 3893330?
3
What is the tens digit of 2948004?
0
What is the units digit of 7408518?
8
What is the millions digit of 2135538?
2
What is the thousands digit of 28061?
8
What is the hundred thousands digit of 513239?
5
What is the ten thousands digit of 154115?
5
What is the thousands digit of 352901?
2
What is the units digit of 1602424?
4
What is the ten thousands digit of 3362947?
6
What is the units digit of 553866?
6
What is the hundreds digit of 425918?
9
What is the ten thousands digit of 1022053?
2
What is the hundred thousands digit of 1168019?
1
What is the millions digit of 9246567?
9
What is the ten thousands digit of 2131418?
3
What is the hundred thousands digit of 16502330?
5
What is the ten thousands digit of 475241?
7
What is the hundred thousands digit of 420782?
4
What is the units digit of 12381055?
5
What is the hundred thousands digit of 1464845?
4
What is the thousands digit of 561439?
1
What is the units digit of 13461154?
4
What is the hundred thousands digit of 2961217?
9
What is the millions digit of 6172387?
6
What is the hundreds digit of 1015481?
4
What is the tens digit of 118585?
8
What is the tens digit of 725205?
0
What is the tens digit of 1671657?
5
What is the units digit of 817026?
6
What is the hundred thousands digit of 4060393?
0
What is the units digit of 3664397?
7
What is the hundreds digit of 509701?
7
What is the ten thousands digit of 62066?
6
What is the hundreds digit of 231554?
5
What is the hundred thousands digit of 1634916?
6
What is the hundreds digit of 280331?
3
What is the hundred thousands digit of 1495132?
4
What is the thousands digit of 2157259?
7
What is the units digit of 135282?
2
What is the ten thousands digit of 308730?
0
What is the hundred thousands digit of 1088972?
0
What is the thousands digit of 825618?
5
What is the ten thousands digit of 1011534?
1
What is the hundred thousands digit of 659587?
6
What is the ten millions digit of 30821779?
3
What is the hundreds digit of 23364828?
8
What is the tens digit of 1795145?
4
What is the hundred thousands digit of 578283?
5
What is the hundred thousands digit of 961656?
9
What is the hundreds digit of 13913?
9
What is the hundreds digit of 1121603?
6
What is the millions digit of 1289932?
1
What is the tens digit of 15029?
2
What is the tens digit of 39698753?
5
What is the units digit of 516753?
3
What is the millions digit of 6339898?
6
What is the millions digit of 1935536?
1
What is the units digit of 3490128?
8
What is the millions digit of 2227046?
2
What is the hundreds digit of 2736992?
9
What is the ten thousands digit of 108430?
0
What is the units digit of 4567504?
4
What is the hundreds digit of 270533?
5
What is the thousands digit of 4978512?
8
What is the units digit of 802307?
7
What is the thousands digit of 82795?
2
What is the units digit of 4465989?
9
What is the ten thousands digit of 27621261?
2
What is the hundred thousands digit of 321467?
3
What is the hundred thousands digit of 10646317?
6
What is the units digit of 4161211?
1
What is the hundred thousands digit of 638367?
6
What is the hundred thousands digit of 416049?
4
What is the hundred thousands digit of 785001?
7
What is the tens digit of 155918?
1
What is the hundreds digit of 5555073?
0
What is the hundreds digit of 13904701?
7
What is the hundreds digit of 1236192?
1
What is the tens digit of 286966?
6
What is the hundred thousands digit of 9052188?
0
What is the thousands digit of 1168543?
8
What is the ten thousands digit of 33575?
3
What is the hundreds digit of 2885429?
4
What is the thousands digit of 72960?
2
What is the tens digit of 805546?
4
What is the thousands digit of 2018859?
8
What is the thousands digit of 429027?
9
What is the units digit of 13591988?
8
What is the units digit of 453185?
5
What is the units digit of 98728?
8
What is the thousands digit of 120346?
0
What is the thousands digit of 6597343?
7
What is the thousands digit of 1558465?
8
What is the ten thousands digit of 296737?
9
What is the units digit of 1574342?
2
What is the hundreds digit of 1030289?
2
What is the tens digit of 2056010?
1
What is the tens digit of 7848838?
3
What is the units digit of 971415?
5
What is the hundreds digit of 430495?
4
What is the units digit of 1275761?
1
What is the units digit of 191114?
4
What is the units digit of 26193?
3
What is the thousands digit of 1667833?
7
What is the ten thousands digit of 294014?
9
What is the hundreds digit of 357144?
1
What is the hundreds digit of 499688?
6
What is the units digit of 85040?
0
What is the hundred thousands digit of 1660922?
6
What is the thousands digit of 22065751?
5
What is the hundreds digit of 609983?
9
What is the tens digit of 1280519?
1
What is the hundred thousands digit of 358311?
3
What is the hundred thousands digit of 2340171?
3
What is the thousands digit of 2232509?
2
What is the tens digit of 1827344?
4
What is the hundreds digit of 92097?
0
What is the hundreds digit of 114123?
1
What is the tens digit of 1753671?
7
What is the tens digit of 1198253?
5